vert 31518425 (base 9) to base 15.
15003a8
40344360 (base 7) to base 4
30303101232
-10bab (base 16) to base 7
-403530
-27565 (base 16) to base 4
-213111211
Convert -4d553 (base 16) to base 14.
-83615
Convert -144377 (base 8) to base 13.
-1a561
What is 120332110 (base 5) in base 6?
15545113
What is 255551220 (base 6) in base 9?
10427563
What is -243415 (base 6) in base 3?
-1002112202
104971 (base 10) to base 12
508b7
Convert -112130210010 (base 4) to base 8.
-26344404
81b473 (base 12) to base 16
1efdd7
What is 2517458 (base 11) in base 10?
4372882
What is 3403211 (base 5) in base 6?
1140514
Convert -12122012030 (base 5) to base 10.
-14250890
What is -2393747 (base 11) in base 16?
-3f8577
What is 7b457 (base 14) in base 2?
1001001001110110101
ac5179 (base 15) to base 4
133112131200
Convert 131200010 (base 4) to base 14.
32072
Convert -767153 (base 9) to base 7.
-3615051
Convert 30210303120 (base 4) to base 3.
20012110220120
Convert 784280 (base 9) to base 5.
110001411
Convert 7aa81 (base 14) to base 15.
5d650
What is 11b65f (base 16) in base 3?
2011222022120
Convert 88778 (base 10) to base 14.
244d4
What is -21002000002111 (base 3) in base 11?
-2138646
What is 2014004420 (base 5) in base 12?
1432365
Convert 34161106 (base 7) to base 8.
13256244
Convert -53140201 (base 7) to base 9.
-8413857
What is 7ab37 (base 13) in base 3?
102100222222
Convert 12003463 (base 7) to base 9.
1885171
Convert -5021959 (base 11) to base 13.
-1ac3302
b313b (base 15) to base 12
234355
110100111001110100 (base 2) to base 11
138893
Convert 2a635 (base 16) to base 11.
109498
Convert 2236641 (base 7) to base 6.
5545200
Convert 5e2db (base 15) to base 10.
301031
-2100100413 (base 5) to base 11
-247780a
344558 (base 11) to base 8
2055575
What is -31301232 (base 4) in base 7?
-323343
What is 100110000011011101000 (base 2) in base 10?
1246952
Convert -66784 (base 10) to base 2.
-10000010011100000
648415 (base 9) to base 6
12142152
Convert -1150445 (base 6) to base 12.
-2b425
Convert 12812 (base 16) to base 3.
10211222012
Convert 1010120020000 (base 3) to base 8.
2226763
Convert -133032111 (base 4) to base 10.
-127893
3260136 (base 7) to base 9
671113
-7025a (base 11) to base 2
-11001000110001010
What is 3b7019 (base 13) in base 4?
11200121323
Convert -644864 (base 11) to base 15.
-15583c
Convert 48643 (base 13) to base 11.
90929
Convert -100011110111101111011011 (base 2) to base 9.
-18621872
-580279 (base 12) to base 8
-5302575
Convert 872c73 (base 13) to base 10.
3176787
Convert -11ad21 (base 14) to base 11.
-384543
What is 41080 (base 11) in base 9?
101247
What is 4845557 (base 10) in base 16?
49eff5
-1101000102010 (base 3) to base 5
-141303241
What is 3042023 (base 5) in base 2?
1100000111100110
What is -409481 (base 11) in base 5?
-132004011
What is -353545 (base 6) in base 5?
-1440130
Convert 30113 (base 5) to base 8.
3564
-85323d (base 16) to base 13
-1a682a0
Convert 1113757 (base 9) to base 8.
2223461
Convert 8a889b (base 13) to base 9.
6141420
Convert -42670267 (base 8) to base 16.
-8b70b7
11010110100111011 (base 2) to base 4
122310323
-38653 (base 15) to base 12
-88413
Convert 35404 (base 14) to base 5.
13123011
Convert 23725600 (base 9) to base 10.
11590857
Convert -17220622 (base 9) to base 7.
-133252202
132025442 (base 6) to base 2
1001111110110100000010
-4154d (base 15) to base 12
-9ba01
What is 212211200212 (base 3) in base 13?
135788
-100100100011100101101011 (base 2) to base 6
-541221311
What is 1340131440 (base 5) in base 9?
6426502
What is 1a602 (base 15) in base 12?
4173b
What is -4433044 (base 5) in base 12?
-38876
-2222210112111 (base 3) to base 6
-54030404
34a19 (base 15) to base 11
104a59
What is 27025 (base 13) in base 11?
4a549
Convert -399134 (base 11) to base 6.
-21235015
Convert -51bc2 (base 14) to base 15.
-3d635
11021413 (base 5) to base 8
272001
11001100001100011100010 (base 2) to base 9
13527341
Convert -95579 (base 11) to base 9.
-231742
-1601a5 (base 12) to base 6
-12001125
Convert 11665435 (base 7) to base 9.
1882734
2121212200 (base 3) to base 4
30213111
Convert -44431133 (base 6) to base 3.
-2112011101010
Convert 15202212 (base 6) to base 4.
2001032000
-24888 (base 14) to base 11
-61270
Convert -3313563 (base 8) to base 10.
-890739
What is 27b4a75 (base 12) in base 5?
4013402304
What is -1120244414 (base 5) in base 9?
-4644166
Convert -333001023 (base 4) to base 10.
-258123
What is -1048422 (base 9) in base 6?
-20030245
What is 3aa7149 (base 11) in base 9?
14282382
What is -2122002110211 (base 3) in base 7?
-14615404
1111100011010100111 (base 2) to base 16
7c6a7
What is 6633 (base 12) in base 4?
2300013
Convert 110111111101100001011 (base 2) to base 6.
103145311
-365032 (base 7) to base 3
-10101022101
Convert 240311121 (base 5) to base 6.
35354411
Convert -119d74 (base 14) to base 8.
-2232702
What is -1243451 (base 7) in base 12?
-799a8
Convert -179ba (base 15) to base 12.
-382aa
-100010111011010010111000 (base 2) to base 11
-5193956
-888 (base 11) to base 9
-1412
1270473 (base 8) to base 9
603226
What is 22103871 (base 9) in base 15?
e1297d
584353 (base 10) to base 11
36a040
Convert -47afe3 (base 16) to base 10.
-4698083
What is 100102320113 (base 4) in base 10?
4271639
Convert -d0ea06 (base 15) to base 5.
-10014441011
Convert 553734 (base 9) to base 6.
11031351
-101010011110101100101011 (base 2) to base 11
-6316533
12a648 (base 12) to base 4
1023110120
What is 233432 (base 14) in base 4?
10210331110
What is 5051322 (base 7) in base 8?
2225264
Convert 100011100001000110100 (base 2) to base 8.
4341064
3023200203 (base 4) to base 11
51a302
What is -1883a14 (base 11) in base 4?
-30020323223
Convert -4033230420 (base 5) to base 8.
-36720141
What is 2bad7 (base 15) in base 14?
39471
Convert 1a11511 (base 11) to base 4.
30331300010
What is 460230 (base 7) in base 15?
19353
-134001442 (base 5) to base 12
-292003
Convert -202012201 (base 3) to base 12.
-863a
-24b669 (base 14) to base 10
-1260765
What is 227b6 (base 15) in base 13?
3ac50
-794819 (base 13) to base 14
-5487b0
Convert 26764761 (base 8) to base 13.
132b9cb
Convert -3370567 (base 9) to base 11.
-1031873
Convert -13a74 (base 14) to base 4.
-23321012
-350512 (base 8) to base 4
-131011022
What is -52106124 (base 7) in base 3?
-22020010011220
Convert -100000000001010101000 (base 2) to base 8.
-4001250
What is 11123332011 (base 4) in base 3?
2200102010100
What is 13706510 (base 8) in base 15?
418575
Convert -426496 (base 10) to base 9.
-720034
Convert -154408 (base 11) to base 6.
-5051240
Convert -263949 (base 15) to base 8.
-6777337
Convert b01165 (base 15) to base 12.
2970158
-2462194 (base 11) to base 3
-22001100101121
Convert 4053585 (base 9) to base 8.
10175126
What is 12010323331 (base 4) in base 10?
1593085
What is -44806 (base 10) in base 12?
-21b1a
Convert 10200121011112 (base 3) to base 7.
22443314
Convert -5500c2 (base 15) to base 10.
-4050182
201202200210 (base 3) to base 15
7a429
-205541 (base 8) to base 14
-1ad33
What is -10011130 (base 5) in base 16?
-13443
Convert -967910 (base 13) to base 7.
-42001205
-4687 (base 13) to base 3
-111121011
Convert 135418 (base 10) to base 14.
374ca
What is -1265639 (base 11) in base 6?
-114525540
Convert -2810658 (base 10) to base 8.
-12561442
Convert -ab734 (base 12) to base 8.
-674130
Convert -b591a (base 12) to base 5.
-30104204
-67a63a (base 12) to base 9
-3104051
-2301012023 (base 4) to base 5
-141203022
-2d6220 (base 15) to base 3
-11010122112210
What is 310235 (base 7) in base 9?
80558
Convert -10110101001100111011 (base 2) to base 10.
-742203
What is -101100110101111010 (base 2) in base 8?
-546572
2006a8 (base 12) to base 6
14404332
What is 10012101302 (base 4) in base 13?
2b7c99
7052562 (base 8) to base 3
10111100011102
212111202010 (base 3) to base 9
774663
Convert -26086 (base 12) to base 10.
-51942
Convert -1237182 (base 13) to base 9.
-11602703
Convert 10100010001110100000 (base 2) to base 15.
d1d3a
Convert -222034442 (base 5) to base 14.
-1b3d4b
What is -699851 (base 10) in base 8?
-2526713
What is a7249 (base 11) in base 6?
3202154
What is -c0bb (base 15) in base 14?
-10b76
What is 50304202 (base 7) in base 2?
1111111001111110001000
What is 9446040 (base 10) in base 11?
5371a4a
What is -5363246 (base 7) in base 6?
-2200450